d + 10844. List the prime factors of d.
2, 3, 67
Let n be (-9)/3 + -5 + 11. Suppose 155 = n*u - 4*l, -5*u - 4*l + 205 = -0*l. Suppose -49*t + 68 = -u*t. List the prime factors of t.
17
Let k be 5 + -4 - (-4)/(-16)*16. Suppose 2*a = 94 - 272. What are the prime factors of (-1)/k + a/(-3)?
2, 3, 5
Let u be 0/(0 - (2 + -1)). Suppose 5*p + 2*b - 3066 = 0, 3*p + u*p - 1838 = -2*b. What are the prime factors of p?
2, 307
Suppose -2*l + 4*f - 16 = 3*l, 5*f - 20 = -5*l. Suppose 0 = q - 5*p - 70, -p + 272 = 5*q - l*p. Let v = -12 + q. List the prime factors of v.
43
Let d be 6 + (-4)/(-4)*-5*1. Let y(z) = 1432*z**3 - 4*z**2 + 4*z. What are the prime factors of y(d)?
2, 179
Let d(h) = -2*h**2 + 17*h - 10. Let g(u) = u**2. Suppose -t + 7 = 8. Let m(f) = t*d(f) - g(f). List the prime factors of m(18).
2, 7
Let j(m) = -17 - m**2 + m - 17*m**3 + 6*m**3 + 2. What are the prime factors of j(-4)?
3, 223
Suppose 776*m - 766*m + 17371 - 137321 = 0. List the prime factors of m.
5, 2399
Let u(i) = 1452*i + 780. List the prime factors of u(1).
2, 3, 31
Let v = -10833 + 17868. List the prime factors of v.
3, 5, 7, 67
Let w = 40 + -38. Suppose -2904 = -3*c - 0*c - 3*d, -w*c = d - 1940. Suppose -4*u + 10*u - c = 0. List the prime factors of u.
2, 3
Suppose -3 - 7 = 5*k, -5*k - 14 = -2*a. Suppose 5*m - a*m = 585. Let l = -114 + m. List the prime factors of l.
3
Suppose p + 5*x = -0*x + 1554, 2 = x. Suppose -5*t + 2*j = j - 1914, p = 4*t - 4*j. What are the prime factors of t?
2, 191
Let q = -430 - -721. Suppose f - 604 = -q. What are the prime factors of f?
313
Let d(i) = 16*i**2 + 5*i - 9. Let w be -4*(1 + (-15)/(-10)). Let y = w + 13. What are the prime factors of d(y)?
2, 3, 5
Let k be 58/(-2 + 3) + 2. Suppose k = -60*j + 65*j. Suppose j = q - 2*m, 2*q + q + 4*m = 86. What are the prime factors of q?
2, 11
Suppose -17652 - 3860 = -4*u. List the prime factors of u.
2, 2689
Suppose 1791587 = 69*o - 609475. What are the prime factors of o?
2, 127, 137
Let g(h) = 204*h + 39*h + 7 - 43*h + 18 + 87*h. List the prime factors of g(4).
3, 17, 23
List the prime factors of (-10 - -361)*(-45)/(-4 + 1).
3, 5, 13
Let c be (-11682)/77 - -13 - 5/(105/6). Let f be (-435)/(-1)*2/3. Let h = c + f. List the prime factors of h.
151
Suppose 15 = 39*w - 36*w. List the prime factors of (w - -1)/((-6)/(-176)).
2, 11
Let i = -218 - 26. Let n = i - -421. What are the prime factors of n?
3, 59
Let v(d) = 10*d**3 - 111*d**2 + 2267*d + 8. What are the prime factors of v(17)?
2, 27799
Suppose -96*t + 12594 = -90*t. What are the prime factors of t?
2099
Let g = -183 - -205. Suppose -34*j + g*j = -228. List the prime factors of j.
19
Let h(x) = 0*x + 2*x - 3*x - 7*x + 2*x**2 + 10. Let o be h(2). Suppose -o*s - 5*q + 115 = -72, 0 = 5*q - 25. List the prime factors of s.
3
Suppose -2*o + 1658 = -5*v, -4*o - 404*v + 3330 = -407*v. What are the prime factors of o?
2, 3, 139
Suppose -24*d + 9319 = -16145. Let p = d - 440. What are the prime factors of p?
3, 23
Suppose -2 + 4 = -2*w. Let j be (w - -1) + (11 - (-3)/1). Suppose 475 = -9*h + j*h. What are the prime factors of h?
5, 19
Let y(j) = 33*j - 25. Let f be y(14). Suppose -f = -5*u + 73. Let z = -37 + u. List the prime factors of z.
5, 13
Suppose -16*b + 818252 = -215359 + 143563. List the prime factors of b.
2, 13907
Suppose 5*f + 26 = -4*u, -2*u - 18 = 2*f - 6. Let d be 49/(-1 - 5/u). Let t = d - 86. List the prime factors of t.
2, 5, 11
Let g(v) = 591*v**2 + 25*v - 51. Let k be g(2). Suppose 2*a = 3*h + k, h - 6*h - 1192 = -a. What are the prime factors of a?
11, 107
Let j = 56969 - 32103. List the prime factors of j.
2, 12433
Suppose -c - 2*m - 42 = 0, 5*m = -0*c + c + 63. Let r = c + 51. What are the prime factors of 435*(r + 65/(-25))?
2, 3, 29
Let o(a) = -236*a + 466*a + 7*a**2 + 10 - 220*a. What are the prime factors of o(-6)?
2, 101
Let p = 1 - 0. What are the prime factors of p/((-6)/(-3))*214?
107
Suppose 2*s - 6*s - 1714 = 2*p, -p + 2125 = -5*s. Let o = s + 953. List the prime factors of o.
17, 31
Let t be (-40)/(-50) - (0 + (-16)/(-20)). Suppose 0*n + 3*r = 4*n - 3934, t = -3*n - r + 2957. List the prime factors of n.
5, 197
Suppose -530 = 4*r + 5*z, 2*r = -2*r + 5*z - 510. Let n = r + 469. List the prime factors of n.
3, 113
Let k = 376 - 384. Let r(l) = 11*l**2 + 21*l + 95. List the prime factors of r(k).
631
Let s be ((-196)/(-147))/((-4)/(-6)). Suppose -y + 122 = -0*y. Suppose 3*b - y = s*b. What are the prime factors of b?
2, 61
Suppose 281272 = 26*c - 7*c - 11*c. What are the prime factors of c?
35159
Let u = 45 - 155. Let a = u + 306. Suppose -2*q = 4*o - 562 + a, -5*q + 105 = o. What are the prime factors of o?
2, 3, 5
Let f be (182 - 1) + -24 + 18. Let n = -154 + f. List the prime factors of n.
3, 7
What are the prime factors of 2140896/528*(8 - -3)?
2, 29, 769
Let f(h) be the first derivative of -h**3/3 + 2*h**2 - 29*h - 28. Let x be f(24). Let y = -287 - x. List the prime factors of y.
2, 3, 37
Let w = -1991 + 5153. List the prime factors of w.
2, 3, 17, 31
Suppose -12 = -70*i + 64*i. Suppose -3*o - 851 = i*l - 3*l, 0 = -3*o + 3. List the prime factors of l.
2, 7, 61
Let d(w) = 156*w**2 + 2044*w + 9. What are the prime factors of d(-27)?
3, 5, 1301
Suppose 0 = 8*g - 11*g - 6, -2*l - 5*g = -27816. What are the prime factors of l?
13913
Let v be (-2)/(-11) + (-1190)/11. Let j = v + 288. List the prime factors of j.
2, 3, 5
Let c = 185 + -85. Suppose 0 = -3*t - 4*u - 201 + 56, -t + 3*u - 44 = 0. Let d = c + t. List the prime factors of d.
53
Let f(u) = -3*u**2 - 23*u + 8. Let w be f(-8). Suppose x = n - 4*n + 17, 4*n - x - 25 = w. Suppose 0 = n*t - 8*t + 322. What are the prime factors of t?
7, 23
List the prime factors of (-1 - 0)/((-2 - -1) + (-971264)/(-971328)).
3, 5059
Let y(c) = -2*c + 2. Let r be y(0). Suppose -q - 4*q = -5, -2*d + 312 = r*q. List the prime factors of d.
5, 31
Suppose 0 = -b - 4*i + 9 - 25, -3*i - 3 = 3*b. Suppose c - 3*r - 2 = 0, 4*c + 22 = -b*r - 2. List the prime factors of (-1)/c*382 - (-3)/(-2).
2, 47
Let b(i) = 183*i + 18. Let k be (1 - -7) + 20/(-4). What are the prime factors of b(k)?
3, 7
Suppose -2877 + 4597 = -113*p - 3252. Suppose -294 = -3*m + 4*j - 3*j, 0 = -2*m - 2*j + 204. Let v = m - p. List the prime factors of v.
11, 13
Let z(p) = 16*p**2 + 4*p + 2148. List the prime factors of z(-39).
2, 3, 1097
Let b(w) = 2194*w + 62. Let q be b(-2). List the prime factors of (20/(-14))/(17310/q - -4).
2, 5, 103
Suppose 3*f = 4*y + 75553, -3*y - 48637 - 1732 = -2*f. List the prime factors of f.
25183
Suppose -4*i + 0*i = -5*z + 10, -4*i - 4*z + 8 = 0. Let t be i/(-2 - 2) + (2 - -1). Suppose x + t*y + 52 = 2*x, 0 = y. What are the prime factors of x?
2, 13
Let l be 4/8 - (4 - 38922/12). Suppose 23*q + l = 26*q. List the prime factors of q.
2, 3, 5
Suppose -3*p + 2*w + 85361 = 0, 188*p + 56919 = 190*p + w. List the prime factors of p.
11, 13, 199
Let p(s) be the first derivative of -43*s**2 - 30*s + 207. What are the prime factors of p(-7)?
2, 11, 13
Let t = 429 + -245. Suppose 3*a - 253 = 2*m, 2*m - t + 2 = -2*a. What are the prime factors of a?
3, 29
Let b = 42 + -38. Suppose -94 = a + j + 2*j, -b*a = -3*j + 331. Let f = a - -124. List the prime factors of f.
3, 13
Let t = -97 + 84. List the prime factors of 4 - -131 - (12 + t).
2, 17
Let m(z) = 80*z**2 - 12*z + 69. Let p(i) = 84*i**2 - 12*i + 68. Let v(k) = 4*m(k) - 3*p(k). What are the prime factors of v(5)?
2, 107
Let o = -34769 - -81364. List the prime factors of o.
5, 9319
Suppose k - 7*m - 8197 = -9*m, 2*m - 32824 = -4*k. List the prime factors of k.
8209
Let k(g) = -g**2 + 3*g + 6. Let v be k(4). Let m(l) = 1 + 5*l + 3*l**v + l**2 + 2. List the prime factors of m(-3).
2, 3
Suppose 2*o - 12 = -8*l + 6*l, 2*l + o = 10. Suppose 4*j = -l*p + 7124, 3*p + 11824 - 4735 = 4*j. List the prime factors of j.
2, 3, 37
Let o(s) be the third derivative of -s**4/24 + 31*s**3/2 + 86*s**2. What are the prime factors of o(-7)?
2, 5
Suppose 2*t - 5*t = 3, -5*v = 5*t + 320. Let f = v - -67. What are the prime factors of (f/5)/(((-119)/(-560))/17)?
2
Let z(x) = 25*x**2 - 4*x + 3. Let y = -51 + 100. Let s = y + -47. List the prime factors of z(s).
5, 19
Let m(p) be the first derivative of 1/4*p**4 + 5/2*p**2 + 5*p + 14 + 10/3*p**3. List the prime factors of m(-